{"id":586,"date":"2019-04-14T18:22:17","date_gmt":"2019-04-14T18:22:17","guid":{"rendered":"https:\/\/wendepunkte.info\/?page_id=586"},"modified":"2021-02-15T23:47:59","modified_gmt":"2021-02-15T23:47:59","slug":"ueber-mich","status":"publish","type":"page","link":"https:\/\/wendepunkte.info\/index.php\/ueber-mich\/","title":{"rendered":"\u00dcber mich"},"content":{"rendered":"\t\t<div data-elementor-type=\"wp-post\" data-elementor-id=\"586\" class=\"elementor elementor-586\">\n\t\t\t\t\t\t<div class=\"elementor-inner\">\n\t\t\t\t<div class=\"elementor-section-wrap\">\n\t\t\t\t\t\t\t\t\t<section class=\"elementor-section elementor-top-section elementor-element elementor-element-e969668 elementor-section-boxed elementor-section-height-default elementor-section-height-default\" data-id=\"e969668\" data-element_type=\"section\" data-settings=\"{&quot;background_background&quot;:&quot;classic&quot;,&quot;shape_divider_top&quot;:&quot;mountains&quot;}\">\n\t\t\t\t\t\t\t<div class=\"elementor-background-overlay\"><\/div>\n\t\t\t\t\t\t<div class=\"elementor-shape elementor-shape-top\" data-negative=\"false\">\n\t\t\t<svg xmlns=\"http:\/\/www.w3.org\/2000\/svg\" viewBox=\"0 0 1000 100\" preserveAspectRatio=\"none\">\n\t<path class=\"elementor-shape-fill\" opacity=\"0.33\" d=\"M473,67.3c-203.9,88.3-263.1-34-320.3,0C66,119.1,0,59.7,0,59.7V0h1000v59.7 c0,0-62.1,26.1-94.9,29.3c-32.8,3.3-62.8-12.3-75.8-22.1C806,49.6,745.3,8.7,694.9,4.7S492.4,59,473,67.3z\"\/>\n\t<path class=\"elementor-shape-fill\" opacity=\"0.66\" d=\"M734,67.3c-45.5,0-77.2-23.2-129.1-39.1c-28.6-8.7-150.3-10.1-254,39.1 s-91.7-34.4-149.2,0C115.7,118.3,0,39.8,0,39.8V0h1000v36.5c0,0-28.2-18.5-92.1-18.5C810.2,18.1,775.7,67.3,734,67.3z\"\/>\n\t<path class=\"elementor-shape-fill\" d=\"M766.1,28.9c-200-57.5-266,65.5-395.1,19.5C242,1.8,242,5.4,184.8,20.6C128,35.8,132.3,44.9,89.9,52.5C28.6,63.7,0,0,0,0 h1000c0,0-9.9,40.9-83.6,48.1S829.6,47,766.1,28.9z\"\/>\n<\/svg>\t\t<\/div>\n\t\t\t\t\t<div class=\"elementor-container elementor-column-gap-default\">\n\t\t\t\t\t\t\t<div class=\"elementor-row\">\n\t\t\t\t\t<div class=\"elementor-column elementor-col-100 elementor-top-column elementor-element elementor-element-c7f02ac\" data-id=\"c7f02ac\" data-element_type=\"column\" data-settings=\"{&quot;background_background&quot;:&quot;classic&quot;}\">\n\t\t\t<div class=\"elementor-column-wrap elementor-element-populated\">\n\t\t\t\t\t\t\t<div class=\"elementor-widget-wrap\">\n\t\t\t\t\t\t<div class=\"elementor-element elementor-element-41831fd elementor-widget elementor-widget-image\" data-id=\"41831fd\" data-element_type=\"widget\" data-widget_type=\"image.default\">\n\t\t\t\t<div class=\"elementor-widget-container\">\n\t\t\t\t\t\t\t\t<div class=\"elementor-image\">\n\t\t\t\t\t\t\t\t\t\t\t\t<img loading=\"lazy\" decoding=\"async\" width=\"225\" height=\"300\" src=\"https:\/\/wendepunkte.info\/wp-content\/uploads\/2019\/04\/D-225x300.jpg\" class=\"attachment-medium size-medium wp-image-588\" alt=\"\" srcset=\"https:\/\/wendepunkte.info\/wp-content\/uploads\/2019\/04\/D-225x300.jpg 225w, https:\/\/wendepunkte.info\/wp-content\/uploads\/2019\/04\/D-768x1024.jpg 768w\" sizes=\"auto, (max-width: 225px) 100vw, 225px\" \/>\t\t\t\t\t\t\t\t\t\t\t\t\t\t<\/div>\n\t\t\t\t\t\t<\/div>\n\t\t\t\t<\/div>\n\t\t\t\t<div class=\"elementor-element elementor-element-36732cd elementor-widget elementor-widget-image\" data-id=\"36732cd\" data-element_type=\"widget\" data-widget_type=\"image.default\">\n\t\t\t\t<div class=\"elementor-widget-container\">\n\t\t\t\t\t\t\t\t<div class=\"elementor-image\">\n\t\t\t\t\t\t\t\t\t\t\t\t<img loading=\"lazy\" decoding=\"async\" width=\"150\" height=\"150\" src=\"https:\/\/wendepunkte.info\/wp-content\/uploads\/2019\/04\/IMG_0259-150x150.jpg\" class=\"attachment-thumbnail size-thumbnail wp-image-590\" alt=\"\" \/>\t\t\t\t\t\t\t\t\t\t\t\t\t\t<\/div>\n\t\t\t\t\t\t<\/div>\n\t\t\t\t<\/div>\n\t\t\t\t<div class=\"elementor-element elementor-element-14a30d2 elementor-widget elementor-widget-text-editor\" data-id=\"14a30d2\" data-element_type=\"widget\" data-widget_type=\"text-editor.default\">\n\t\t\t\t<div class=\"elementor-widget-container\">\n\t\t\t\t\t\t\t\t<div class=\"elementor-text-editor elementor-clearfix\">\n\t\t\t\t<h1>\u00dcber mich<\/h1><div><b>\u00a0<\/b><\/div><div><b>\u00a0<\/b><\/div><div><div style=\"margin-bottom: 20px; width: 480px; font-style: normal; font-size: 15px; color: #7a7a7a;\" data-id=\"27a3ddf1\" data-element_type=\"widget\" data-settings=\"{\" data-widget_type=\"text-editor.default\"><div style=\"font-size: 15px; margin-bottom: 40px; border-radius: 20px;\"><div style=\"font-size: 15px;\"><h3>Beratungspsychologin<\/h3><h6>M.Sc, Lee University USA<\/h6><p>&#8212;&#8211;<\/p><h3>B.Sc. P\u00e4dagogik \/ Psychologie<\/h3><h6>Anerkennung BDP<\/h6><p>&#8212;&#8211;<\/p><h3>Lebens- und Sozialberaterin<\/h3><h6>BTS<\/h6><p>&#8212;&#8211;<\/p><h3>Raucherentw\u00f6hnungs-Trainerin<\/h3><h5>Zertifiziert (Universit\u00e4t T\u00fcbingen)<\/h5><p>&#8212;&#8211;<\/p><h3>Psychoonkologin (WPO)<\/h3><h5>Bad Endorf<\/h5><p>&#8212;&#8211;<\/p><h3>Alleinerziehende Mutter<\/h3><h5>F\u00fcnf Kinder<\/h5><\/div><\/div><\/div><\/div>\t\t\t\t\t<\/div>\n\t\t\t\t\t\t<\/div>\n\t\t\t\t<\/div>\n\t\t\t\t<div class=\"elementor-element elementor-element-36b3710 elementor-widget elementor-widget-text-editor\" data-id=\"36b3710\" data-element_type=\"widget\" data-widget_type=\"text-editor.default\">\n\t\t\t\t<div class=\"elementor-widget-container\">\n\t\t\t\t\t\t\t\t<div class=\"elementor-text-editor elementor-clearfix\">\n\t\t\t\t<h5 style=\"font-style: normal;\"><span style=\"font-weight: normal;\">Ich kenne sie selbst, die Wendepunkte im Leben, die Einbr\u00fcche und Umbr\u00fcche, die manchmal wie Aufbr\u00fcche, manchmal wie Zerbr\u00fcche wirken; im Nachhinein stellen sie sich oft als die Punkte heraus, bei denen sich so vieles zum Guten wendet.<\/span><\/h5><h5 style=\"font-style: normal;\"><span style=\"font-weight: normal;\">Daraus ist eine sehr zuversichtliche Lebenshaltung gewachsen, die mich f\u00fcr die Beratungsarbeit motiviert. Gerne begleite ich Sie an Ihren &#8222;Wendepunkten&#8220; oder stehe Ihnen im Leben gern zur Seite.<\/span><\/h5>\t\t\t\t\t<\/div>\n\t\t\t\t\t\t<\/div>\n\t\t\t\t<\/div>\n\t\t\t\t<div class=\"elementor-element elementor-element-966227c elementor-widget__width-inherit elementor-widget elementor-widget-image-gallery\" data-id=\"966227c\" data-element_type=\"widget\" data-widget_type=\"image-gallery.default\">\n\t\t\t\t<div class=\"elementor-widget-container\">\n\t\t\t\t\t<div class=\"elementor-image-gallery\">\n\t\t\t<div id='gallery-1' class='gallery galleryid-586 gallery-columns-4 gallery-size-thumbnail'><figure class='gallery-item'>\n\t\t\t<div class='gallery-icon portrait'>\n\t\t\t\t<img loading=\"lazy\" decoding=\"async\" width=\"150\" height=\"150\" src=\"https:\/\/wendepunkte.info\/wp-content\/uploads\/2019\/04\/media.media_.f72a3d85-0fc0-4cd1-92e2-6652670e8988.original1024-150x150.jpg\" class=\"attachment-thumbnail size-thumbnail\" alt=\"\" \/>\n\t\t\t<\/div><\/figure><figure class='gallery-item'>\n\t\t\t<div class='gallery-icon landscape'>\n\t\t\t\t<img loading=\"lazy\" decoding=\"async\" width=\"150\" height=\"150\" src=\"https:\/\/wendepunkte.info\/wp-content\/uploads\/2019\/04\/media.media_.f6e742fc-2ac6-44e5-9da8-b64f134bc52d.original1024-e1555263940654-150x150.jpg\" class=\"attachment-thumbnail size-thumbnail\" alt=\"\" \/>\n\t\t\t<\/div><\/figure><figure class='gallery-item'>\n\t\t\t<div class='gallery-icon portrait'>\n\t\t\t\t<img loading=\"lazy\" decoding=\"async\" width=\"150\" height=\"150\" src=\"https:\/\/wendepunkte.info\/wp-content\/uploads\/2019\/04\/Bildschirmfoto-2019-04-14-um-20.01.30-150x150.png\" class=\"attachment-thumbnail size-thumbnail\" alt=\"\" \/>\n\t\t\t<\/div><\/figure><figure class='gallery-item'>\n\t\t\t<div class='gallery-icon landscape'>\n\t\t\t\t<img loading=\"lazy\" decoding=\"async\" width=\"150\" height=\"150\" src=\"https:\/\/wendepunkte.info\/wp-content\/uploads\/2019\/04\/Bildschirmfoto-2019-04-14-um-19.47.23-150x150.png\" class=\"attachment-thumbnail size-thumbnail\" alt=\"\" \/>\n\t\t\t<\/div><\/figure><figure class='gallery-item'>\n\t\t\t<div class='gallery-icon landscape'>\n\t\t\t\t<img loading=\"lazy\" decoding=\"async\" width=\"150\" height=\"150\" src=\"https:\/\/wendepunkte.info\/wp-content\/uploads\/2019\/04\/csm_20160925_161432_HDR_395f0e51fd-150x150.jpg\" class=\"attachment-thumbnail size-thumbnail\" alt=\"\" \/>\n\t\t\t<\/div><\/figure><figure class='gallery-item'>\n\t\t\t<div class='gallery-icon portrait'>\n\t\t\t\t<img loading=\"lazy\" decoding=\"async\" width=\"150\" height=\"150\" src=\"https:\/\/wendepunkte.info\/wp-content\/uploads\/2019\/04\/b531fec4-a25b-474a-9a49-fc63b55f6ce0-1-150x150.jpeg\" class=\"attachment-thumbnail size-thumbnail\" alt=\"\" \/>\n\t\t\t<\/div><\/figure><figure class='gallery-item'>\n\t\t\t<div class='gallery-icon landscape'>\n\t\t\t\t<img loading=\"lazy\" decoding=\"async\" width=\"150\" height=\"150\" src=\"https:\/\/wendepunkte.info\/wp-content\/uploads\/2019\/04\/media.media_.9dbc06eb-baf9-4a75-8966-591edda06a8a.original1024-150x150.jpg\" class=\"attachment-thumbnail size-thumbnail\" alt=\"\" \/>\n\t\t\t<\/div><\/figure><figure class='gallery-item'>\n\t\t\t<div class='gallery-icon portrait'>\n\t\t\t\t<img loading=\"lazy\" decoding=\"async\" width=\"150\" height=\"150\" src=\"https:\/\/wendepunkte.info\/wp-content\/uploads\/2019\/04\/images-150x150.jpeg\" class=\"attachment-thumbnail size-thumbnail\" alt=\"\" \/>\n\t\t\t<\/div><\/figure>\n\t\t<\/div>\n\t\t<\/div>\n\t\t\t\t<\/div>\n\t\t\t\t<\/div>\n\t\t\t\t\t\t<\/div>\n\t\t\t\t\t<\/div>\n\t\t<\/div>\n\t\t\t\t\t\t\t\t<\/div>\n\t\t\t\t\t<\/div>\n\t\t<\/section>\n\t\t\t\t<section class=\"elementor-section elementor-top-section elementor-element elementor-element-f994a13 elementor-section-content-middle elementor-section-boxed elementor-section-height-default elementor-section-height-default\" data-id=\"f994a13\" data-element_type=\"section\" data-settings=\"{&quot;background_background&quot;:&quot;classic&quot;,&quot;shape_divider_bottom&quot;:&quot;mountains&quot;}\">\n\t\t\t\t\t<div class=\"elementor-shape elementor-shape-bottom\" data-negative=\"false\">\n\t\t\t<svg xmlns=\"http:\/\/www.w3.org\/2000\/svg\" viewBox=\"0 0 1000 100\" preserveAspectRatio=\"none\">\n\t<path class=\"elementor-shape-fill\" opacity=\"0.33\" d=\"M473,67.3c-203.9,88.3-263.1-34-320.3,0C66,119.1,0,59.7,0,59.7V0h1000v59.7 c0,0-62.1,26.1-94.9,29.3c-32.8,3.3-62.8-12.3-75.8-22.1C806,49.6,745.3,8.7,694.9,4.7S492.4,59,473,67.3z\"\/>\n\t<path class=\"elementor-shape-fill\" opacity=\"0.66\" d=\"M734,67.3c-45.5,0-77.2-23.2-129.1-39.1c-28.6-8.7-150.3-10.1-254,39.1 s-91.7-34.4-149.2,0C115.7,118.3,0,39.8,0,39.8V0h1000v36.5c0,0-28.2-18.5-92.1-18.5C810.2,18.1,775.7,67.3,734,67.3z\"\/>\n\t<path class=\"elementor-shape-fill\" d=\"M766.1,28.9c-200-57.5-266,65.5-395.1,19.5C242,1.8,242,5.4,184.8,20.6C128,35.8,132.3,44.9,89.9,52.5C28.6,63.7,0,0,0,0 h1000c0,0-9.9,40.9-83.6,48.1S829.6,47,766.1,28.9z\"\/>\n<\/svg>\t\t<\/div>\n\t\t\t\t\t<div class=\"elementor-container elementor-column-gap-default\">\n\t\t\t\t\t\t\t<div class=\"elementor-row\">\n\t\t\t\t\t<div class=\"elementor-column elementor-col-100 elementor-top-column elementor-element elementor-element-d758732\" data-id=\"d758732\" data-element_type=\"column\">\n\t\t\t<div class=\"elementor-column-wrap elementor-element-populated\">\n\t\t\t\t\t\t\t<div class=\"elementor-widget-wrap\">\n\t\t\t\t\t\t<section class=\"elementor-section elementor-inner-section elementor-element elementor-element-82e6a55 elementor-section-boxed elementor-section-height-default elementor-section-height-default\" data-id=\"82e6a55\" data-element_type=\"section\">\n\t\t\t\t\t\t<div class=\"elementor-container elementor-column-gap-default\">\n\t\t\t\t\t\t\t<div class=\"elementor-row\">\n\t\t\t\t\t<div class=\"elementor-column elementor-col-100 elementor-inner-column elementor-element elementor-element-847165a\" data-id=\"847165a\" data-element_type=\"column\">\n\t\t\t<div class=\"elementor-column-wrap elementor-element-populated\">\n\t\t\t\t\t\t\t<div class=\"elementor-widget-wrap\">\n\t\t\t\t\t\t<div class=\"elementor-element elementor-element-2b48b25 elementor-widget elementor-widget-heading\" data-id=\"2b48b25\" data-element_type=\"widget\" data-widget_type=\"heading.default\">\n\t\t\t\t<div class=\"elementor-widget-container\">\n\t\t\t<h1 class=\"elementor-heading-title elementor-size-default\">Lassen Sie uns in Kontakt treten!<\/h1>\t\t<\/div>\n\t\t\t\t<\/div>\n\t\t\t\t<div class=\"elementor-element elementor-element-0d05254 elementor-widget__width-inherit elementor-widget elementor-widget-text-editor\" data-id=\"0d05254\" data-element_type=\"widget\" data-widget_type=\"text-editor.default\">\n\t\t\t\t<div class=\"elementor-widget-container\">\n\t\t\t\t\t\t\t\t<div class=\"elementor-text-editor elementor-clearfix\">\n\t\t\t\t<p>Ich freue mich auf Sie \u2013 Ihre Isabel Stosius<\/p>\t\t\t\t\t<\/div>\n\t\t\t\t\t\t<\/div>\n\t\t\t\t<\/div>\n\t\t\t\t\t\t<\/div>\n\t\t\t\t\t<\/div>\n\t\t<\/div>\n\t\t\t\t\t\t\t\t<\/div>\n\t\t\t\t\t<\/div>\n\t\t<\/section>\n\t\t\t\t<div class=\"elementor-element elementor-element-57d6fae elementor-tablet-align-center elementor-align-center elementor-mobile-align-center elementor-widget elementor-widget-button\" data-id=\"57d6fae\" data-element_type=\"widget\" data-widget_type=\"button.default\">\n\t\t\t\t<div class=\"elementor-widget-container\">\n\t\t\t\t\t<div class=\"elementor-button-wrapper\">\n\t\t\t<a href=\"https:\/\/wendepunkte.info\/index.php\/kontakt\/\" class=\"elementor-button-link elementor-button elementor-size-sm\" role=\"button\">\n\t\t\t\t\t\t<span class=\"elementor-button-content-wrapper\">\n\t\t\t\t\t\t<span class=\"elementor-button-text\">kontakt aufnehmen<\/span>\n\t\t<\/span>\n\t\t\t\t\t<\/a>\n\t\t<\/div>\n\t\t\t\t<\/div>\n\t\t\t\t<\/div>\n\t\t\t\t\t\t<\/div>\n\t\t\t\t\t<\/div>\n\t\t<\/div>\n\t\t\t\t\t\t\t\t<\/div>\n\t\t\t\t\t<\/div>\n\t\t<\/section>\n\t\t\t\t\t\t\t\t\t<\/div>\n\t\t\t<\/div>\n\t\t\t\t\t<\/div>\n\t\t","protected":false},"excerpt":{"rendered":"<p>\u00dcber mich \u00a0\u00a0 Beratungspsychologin M.Sc, Lee University USA &#8212;&#8211; B.Sc. P\u00e4dagogik \/ Psychologie Anerkennung BDP &#8212;&#8211; Lebens- und Sozialberaterin BTS &#8212;&#8211; Raucherentw\u00f6hnungs-Trainerin Zertifiziert (Universit\u00e4t T\u00fcbingen) &#8212;&#8211; Psychoonkologin (WPO) Bad Endorf &#8212;&#8211; Alleinerziehende Mutter F\u00fcnf Kinder Ich kenne sie selbst, die Wendepunkte im Leben, die Einbr\u00fcche und Umbr\u00fcche, die manchmal wie Aufbr\u00fcche, manchmal wie Zerbr\u00fcche wirken; &hellip;<\/p>\n<p class=\"read-more\"> <a class=\"\" href=\"https:\/\/wendepunkte.info\/index.php\/ueber-mich\/\"> <span class=\"screen-reader-text\">\u00dcber mich<\/span> Weiterlesen &raquo;<\/a><\/p>\n","protected":false},"author":1,"featured_media":0,"parent":0,"menu_order":0,"comment_status":"closed","ping_status":"closed","template":"","meta":{"_uag_custom_page_level_css":"","site-sidebar-layout":"no-sidebar","site-content-layout":"page-builder","ast-global-header-display":"","ast-main-header-display":"","ast-hfb-above-header-display":"","ast-hfb-below-header-display":"","ast-hfb-mobile-header-display":"","site-post-title":"disabled","ast-breadcrumbs-content":"","ast-featured-img":"disabled","footer-sml-layout":"","theme-transparent-header-meta":"default","adv-header-id-meta":"","stick-header-meta":"","header-above-stick-meta":"","header-main-stick-meta":"","header-below-stick-meta":"","footnotes":""},"class_list":["post-586","page","type-page","status-publish","hentry"],"uagb_featured_image_src":{"full":false,"thumbnail":false,"medium":false,"medium_large":false,"large":false,"1536x1536":false,"2048x2048":false},"uagb_author_info":{"display_name":"admin","author_link":"https:\/\/wendepunkte.info\/index.php\/author\/stotimo\/"},"uagb_comment_info":0,"uagb_excerpt":"\u00dcber mich \u00a0\u00a0 Beratungspsychologin M.Sc, Lee University USA &#8212;&#8211; B.Sc. P\u00e4dagogik \/ Psychologie Anerkennung BDP &#8212;&#8211; Lebens- und Sozialberaterin BTS &#8212;&#8211; Raucherentw\u00f6hnungs-Trainerin Zertifiziert (Universit\u00e4t T\u00fcbingen) &#8212;&#8211; Psychoonkologin (WPO) Bad Endorf &#8212;&#8211; Alleinerziehende Mutter F\u00fcnf Kinder Ich kenne sie selbst, die Wendepunkte im Leben, die Einbr\u00fcche und Umbr\u00fcche, die manchmal wie Aufbr\u00fcche, manchmal wie Zerbr\u00fcche wirken;&hellip;","_links":{"self":[{"href":"https:\/\/wendepunkte.info\/index.php\/wp-json\/wp\/v2\/pages\/586","targetHints":{"allow":["GET"]}}],"collection":[{"href":"https:\/\/wendepunkte.info\/index.php\/wp-json\/wp\/v2\/pages"}],"about":[{"href":"https:\/\/wendepunkte.info\/index.php\/wp-json\/wp\/v2\/types\/page"}],"author":[{"embeddable":true,"href":"https:\/\/wendepunkte.info\/index.php\/wp-json\/wp\/v2\/users\/1"}],"replies":[{"embeddable":true,"href":"https:\/\/wendepunkte.info\/index.php\/wp-json\/wp\/v2\/comments?post=586"}],"version-history":[{"count":17,"href":"https:\/\/wendepunkte.info\/index.php\/wp-json\/wp\/v2\/pages\/586\/revisions"}],"predecessor-version":[{"id":693,"href":"https:\/\/wendepunkte.info\/index.php\/wp-json\/wp\/v2\/pages\/586\/revisions\/693"}],"wp:attachment":[{"href":"https:\/\/wendepunkte.info\/index.php\/wp-json\/wp\/v2\/media?parent=586"}],"curies":[{"name":"wp","href":"https:\/\/api.w.org\/{rel}","templated":true}]}}